alculate the highest common factor of 140 and 34664.
28
What is the greatest common divisor of 2238 and 681?
3
Calculate the highest common factor of 17190 and 15.
15
Calculate the greatest common divisor of 45466 and 173988.
358
Calculate the greatest common divisor of 6946721 and 919.
919
Calculate the highest common factor of 197170 and 20.
10
Calculate the highest common factor of 30362 and 9044.
646
Calculate the highest common divisor of 3950 and 8.
2
What is the highest common factor of 89 and 323693?
89
Calculate the greatest common factor of 19760 and 38.
38
Calculate the greatest common factor of 92 and 974188.
92
What is the highest common divisor of 84175 and 18500?
925
Calculate the greatest common factor of 20784458 and 82.
82
Calculate the greatest common factor of 2788 and 83476.
164
What is the greatest common divisor of 1818296 and 2672?
1336
Calculate the greatest common divisor of 46288 and 24.
8
What is the greatest common divisor of 186 and 146382?
186
Calculate the highest common divisor of 468231 and 867.
51
Calculate the highest common factor of 4941 and 22509.
549
What is the greatest common factor of 302408 and 33784?
824
Calculate the greatest common factor of 11835132 and 1916.
1916
Calculate the greatest common factor of 1107 and 25953.
123
What is the greatest common divisor of 3953 and 126024?
59
Calculate the greatest common divisor of 20553 and 2907.
51
What is the greatest common factor of 1113 and 817313?
371
What is the greatest common factor of 24660 and 360?
180
What is the highest common factor of 9792 and 104958?
306
What is the highest common divisor of 16373 and 280?
7
What is the highest common factor of 20 and 17870?
10
What is the greatest common divisor of 1548 and 59856?
516
What is the highest common divisor of 6 and 902910?
6
What is the highest common divisor of 4834557 and 2457?
819
Calculate the highest common divisor of 5699967 and 1092.
273
What is the greatest common divisor of 7273 and 91?
7
Calculate the highest common divisor of 29302 and 441.
49
Calculate the greatest common divisor of 243 and 64557.
81
What is the highest common factor of 6289 and 5624?
19
Calculate the highest common divisor of 61886 and 116116.
638
What is the greatest common factor of 39025 and 32781?
1561
Calculate the highest common divisor of 6864 and 16368.
528
What is the highest common divisor of 164 and 1741516?
164
What is the greatest common factor of 408 and 317832?
408
What is the greatest common factor of 116 and 96?
4
What is the highest common divisor of 509530 and 58?
58
Calculate the highest common factor of 624805 and 58.
29
What is the greatest common factor of 171968 and 256?
64
What is the highest common factor of 309 and 154191?
309
What is the greatest common divisor of 2216 and 24?
8
What is the highest common factor of 1426 and 119968?
46
Calculate the highest common factor of 501650 and 45425.
1975
What is the greatest common divisor of 72 and 11180?
4
Calculate the greatest common factor of 4056 and 3416504.
1352
What is the highest common divisor of 612 and 12960732?
204
What is the highest common divisor of 42669 and 44?
11
What is the highest common divisor of 76 and 129143?
19
What is the highest common factor of 474 and 57986?
158
Calculate the highest common divisor of 613910 and 20.
10
Calculate the highest common divisor of 169575 and 30.
15
What is the highest common divisor of 42837 and 218?
109
What is the greatest common divisor of 62864 and 64?
16
What is the highest common factor of 872360 and 160?
40
Calculate the highest common factor of 168 and 320999.
7
What is the highest common factor of 64 and 444368?
16
What is the greatest common divisor of 15 and 8128725?
15
What is the greatest common divisor of 5470 and 110?
10
Calculate the greatest common divisor of 1383 and 1450767.
1383
Calculate the greatest common divisor of 9485 and 17185.
35
What is the highest common factor of 70608 and 156?
12
What is the highest common factor of 94244 and 16?
4
What is the greatest common divisor of 1499415 and 15?
15
Calculate the greatest common factor of 2090 and 180070.
110
What is the greatest common factor of 20 and 14468?
4
What is the highest common divisor of 880 and 330?
110
What is the highest common divisor of 19 and 420337?
19
What is the greatest common divisor of 425 and 59636?
17
Calculate the greatest common divisor of 24 and 118128.
24
Calculate the greatest common divisor of 7420448 and 3297.
1099
Calculate the greatest common divisor of 187 and 58616.
17
What is the highest common factor of 5041635 and 30?
15
What is the greatest common factor of 58368 and 240?
48
Calculate the highest common factor of 61728 and 12.
12
What is the highest common factor of 170 and 155250?
10
Calculate the greatest common factor of 1981415 and 475.
95
Calculate the highest common factor of 14 and 35698138.
14
Calculate the highest common divisor of 51 and 6114696.
51
Calculate the highest common divisor of 18 and 44670.
6
Calculate the highest common divisor of 10209640 and 5880.
1960
What is the highest common divisor of 429 and 2258971?
143
What is the highest common factor of 120147 and 174?
87
What is the highest common factor of 46 and 2251631?
23
Calculate the highest common divisor of 693053 and 2252.
563
What is the greatest common divisor of 32 and 6834?
2
What is the highest common divisor of 10578 and 6794?
86
Calculate the highest common divisor of 2479 and 603.
67
Calculate the greatest common factor of 401489 and 113.
113
Calculate the greatest common factor of 60 and 21290.
10
Calculate the highest common divisor of 339 and 25877.
113
Calculate the greatest common divisor of 192 and 63876.
12
What is the highest common divisor of 32 and 14456?
8
Calculate the greatest common factor of 8674 and 2.
2
Calculate the greatest common divisor of 119 and 707.
7
Calculate the greatest common divisor of 19974 and 732.
6
What is the highest common divisor of 7458 and 5478?
66
Calculate the highest common factor of 982 and 3080534.
982
What is the greatest common factor of 192 and 2598?
6
What is the greatest common factor of 1082591 and 311?
311
What is the highest common factor of 567 and 5208?
21
What is the greatest common factor of 66 and 269852?
22
What is the greatest common divisor of 78656 and 128?
64
What is the highest common factor of 153152 and 80?
16
Calculate the greatest common factor of 122517 and 9.
9
Calculate the highest common factor of 600284 and 188.
188
Calculate the highest common factor of 328 and 13480.
8
What is the greatest common divisor of 251011 and 206?
103
Calculate the greatest common divisor of 740875 and 1500.
125
What is the highest common factor of 142523 and 359?
359
What is the highest common divisor of 5613 and 159?
3
Calculate the greatest common divisor of 6858 and 297.
27
Calculate the highest common divisor of 587788 and 92.
92
Calculate the greatest common divisor of 4 and 66739.
1
What is the highest common divisor of 117016 and 8?
8
What is the greatest common divisor of 388378 and 184?
46
Calculate the highest common divisor of 22374 and 4608.
18
Calculate the greatest common divisor of 4 and 99692.
4
Calculate the greatest common divisor of 47080 and 2996.
428
What is the greatest common divisor of 90 and 37215?
45
What is the highest common factor of 516 and 1247860?
172
Calculate the highest common factor of 1925 and 85855.
385
Calculate the greatest common factor of 118139 and 441.
49
Calculate the highest common divisor of 11208832 and 256.
128
Calculate the highest common factor of 9939 and 141.
3
What is the greatest common divisor of 740079 and 45?
9
Calculate the highest common factor of 460141 and 354.
59
Calculate the highest common divisor of 288 and 2529.
9
Calculate the highest common divisor of 5 and 10781.
1
What is the highest common divisor of 64 and 114784?
32
Calculate the greatest common divisor of 476 and 36533.
119
What is the greatest common factor of 1818 and 1669227?
303
Calculate the highest common divisor of 454 and 46989.
227
What is the greatest common divisor of 540546 and 276?
138
What is the greatest common divisor of 325 and 11115?
65
What is the greatest common factor of 5421 and 14873?
139
Ca